+ 8*a**2 - 6*a + 12. Determine o(8).
-36
Let t(m) = -2*m**3 - 5*m**2 + 5*m - 4. Give t(3).
-88
Let h(v) = -v**3 + 6*v**2 - 6*v - 6. What is h(7)?
-97
Let m(s) = 8*s + 43. Determine m(-6).
-5
Let o(v) = v**3 + 4*v**2 - 33*v - 11. Give o(-8).
-3
Let d(k) = -k**2 + 37*k + 75. Determine d(39).
-3
Let i(n) = n**3 + 4*n**2 - 8*n - 1. Determine i(-4).
31
Let o(m) = -m**3 + 5*m**2 + 2*m - 6. Give o(6).
-30
Let j(n) = -2*n**2 + 32*n - 22. Calculate j(15).
8
Let j(f) = 6*f**3 - f**2 + 2*f - 1. Calculate j(1).
6
Let t(p) = -p**2 + 11*p - 3. Calculate t(11).
-3
Let l(h) = 2*h**2 - 8*h - 30. What is l(6)?
-6
Let a(r) = r**3 - r**2 + 3*r - 51. Determine a(0).
-51
Let v(c) = 3*c**2 - 83*c - 33. Determine v(28).
-5
Let c(t) = t**3 + 6*t**2 - 16*t + 9. Give c(-7).
72
Let r(u) = u + 4. Calculate r(2).
6
Let u(p) = p**2 - 7*p + 7. Give u(1).
1
Let c(t) = 8*t + 15. Calculate c(7).
71
Let l(o) = 9*o - 7. Calculate l(-4).
-43
Let p(c) = 146*c + 1027. Determine p(-7).
5
Let n(t) = -3*t + 84. Give n(28).
0
Let j(x) = 2*x - 2. Calculate j(0).
-2
Let z(r) = -3*r + 5. Calculate z(-7).
26
Let k(o) = o**3 + 37*o**2 + 38*o + 75. What is k(-36)?
3
Let b(f) = -2*f**3 - 15*f**2 + 9*f + 14. Determine b(-8).
6
Let b(s) = 2*s**3 - 2*s**2 + 5*s + 12. Determine b(0).
12
Let z(c) = 6*c**2 - 2*c + 1. Calculate z(-3).
61
Let m(t) = -5*t + 219. Give m(34).
49
Let w(v) = 2*v**3 - 15*v**2 + 2*v + 29. Give w(7).
-6
Let a(b) = b**3 - 7*b**2 - 13*b + 123. Determine a(6).
9
Let v(h) = 2*h**2 - 21*h - 27. Determine v(12).
9
Let y(q) = q**2 - 47*q + 231. Determine y(41).
-15
Let s(k) = -5*k**2 - 5*k + 2. What is s(2)?
-28
Let p(i) = -i - 8. Determine p(-2).
-6
Let w(n) = -n**3 - 21. What is w(0)?
-21
Let l(o) = -34*o**2 + 6*o - 5. Calculate l(1).
-33
Let h(s) = 46*s + 189. Calculate h(-4).
5
Let q(d) = -d**2 + 13*d - 7. Calculate q(5).
33
Let p(a) = 4*a - 52. Give p(15).
8
Let g(m) = 2*m + 4. What is g(-5)?
-6
Let y(c) = c**3 + 10*c**2 + 8*c - 10. What is y(-8)?
54
Let v(w) = w**3 + 12*w**2 - 14*w - 11. Determine v(-13).
2
Let a(v) = v**3 + 20*v**2 + 17*v - 16. What is a(-19)?
22
Let v(f) = -f**3 - 16*f**2 + 15*f - 9. Calculate v(-17).
25
Let t(w) = 41*w - 620. Calculate t(15).
-5
Let s(q) = -q**2 - q + 3. Determine s(2).
-3
Let f(a) = -2*a**2 - 3*a - 4. Determine f(-1).
-3
Let q(z) = 11*z - 6. Determine q(4).
38
Let p(u) = u**3 - 6*u**2 - 4*u + 8. What is p(6)?
-16
Let d(c) = 14*c - 5. What is d(2)?
23
Let k(p) = -p**2 - 59*p + 394. Give k(-65).
4
Let m(c) = -c**3 + 4*c**2 + 7*c + 1. Determine m(5).
11
Let g(z) = 2*z - 11. Determine g(8).
5
Let o(f) = 12*f - 24. Determine o(11).
108
Let z(f) = f**3 + 4*f**2 + 2*f + 5. What is z(-4)?
-3
Let k(r) = r. What is k(3)?
3
Let z(s) = -7*s**3 + s**2 - 3*s + 2. Give z(2).
-56
Let x(s) = s**2 - 20*s + 27. Determine x(18).
-9
Let l(c) = 7*c + 1. What is l(2)?
15
Let z(t) = -t - 31. Give z(-9).
-22
Let h(w) = -8*w + 32. Give h(8).
-32
Let n(d) = 2*d + 33. Determine n(-9).
15
Let m(i) = i**3 - 8*i**2 + 5*i - 34. Calculate m(8).
6
Let a(f) = f**2 - 3*f - 6. Calculate a(-3).
12
Let n(f) = -f**3 - 20*f**2 - 3*f - 59. Give n(-20).
1
Let h(l) = l**2 - 17*l + 56. Calculate h(10).
-14
Let t(m) = m**3 - 4*m**2 - m + 2. Determine t(3).
-10
Let r(l) = -l - 2. Determine r(-2).
0
Let k(r) = 33*r**3 + r**2 - 1. Determine k(1).
33
Let b(w) = 9*w + 1. Determine b(1).
10
Let n(p) = -2*p**3 + 23*p**2 - 12*p + 31. What is n(11)?
20
Let f(a) = -a**3 - 8*a**2 - 3*a + 28. Determine f(-7).
0
Let f(c) = -18*c - 216. Give f(-12).
0
Let r(d) = -d**2 + 10*d + 24. Determine r(12).
0
Let o(t) = -t**2 + 8. Give o(2).
4
Let g(q) = 4*q - 10. Determine g(4).
6
Let c(l) = l**3 + 25*l**2 + 24*l + 4. Calculate c(-24).
4
Let w(u) = u**3 + 29*u**2 + 49*u - 140. Give w(-27).
-5
Let s(c) = -2*c**2 + c + 1. Calculate s(5).
-44
Let g(m) = -52*m + 104. Determine g(2).
0
Let u(a) = -2*a + 20. Give u(-4).
28
Let h(m) = 10*m + 98. Give h(-10).
-2
Let o(a) = 3*a**2 + 15*a - 22. What is o(-6)?
-4
Let z(c) = -14*c + 130. What is z(10)?
-10
Let o(u) = 6*u**2 - 19*u + 10. Give o(2).
-4
Let u(i) = 200*i - 2402. What is u(12)?
-2
Let l(f) = -f**3 - 5*f**2 + 10*f - 23. What is l(-7)?
5
Let m(v) = v**3 + 2*v**2 - 7*v. Determine m(-4).
-4
Let u(k) = k**3 - 23*k**2 + 17*k + 112. Calculate u(22).
2
Let c(h) = h**2 + 36*h + 77. Calculate c(-30).
-103
Let p(q) = -2*q**2 - 15*q + 44. Calculate p(-10).
-6
Let j(v) = v**2 - 17*v + 4. Calculate j(17).
4
Let r(n) = -n**2 - 11*n - 9. Determine r(-8).
15
Let g(r) = 3*r**2 + 10*r - 9. What is g(-5)?
16
Let p(g) = -g**3 + 8*g**2 - 7*g. Give p(6).
30
Let z(f) = f**2 + 4*f - 4. Determine z(-7).
17
Let s(n) = -3*n**3 - 3*n - 3. What is s(-2)?
27
Let q(u) = 2*u**2 - 16*u + 4. What is q(7)?
-10
Let a(o) = -o**3 + 13*o**2 - 16*o + 26. Give a(12).
-22
Let w(c) = 16*c**2 + 4*c + 2. Calculate w(-2).
58
Let o(h) = -h**2 + 9*h + 8. Determine o(10).
-2
Let m(y) = y**3 - 8*y**2 + 6*y + 5. Give m(7).
-2
Let t(j) = -j**3 + 3*j**2 + 11*j - 7. What is t(4)?
21
Let l(k) = 12*k**2 - 5*k - 2. What is l(1)?
5
Let z(c) = c**2 - 22*c - 2. Calculate z(12).
-122
Let a(h) = -36*h + 391. Determine a(11).
-5
Let k(w) = w**3 - w - 11. Determine k(0).
-11
Let a(t) = -t + 22. Calculate a(-19).
41
Let x(y) = y**2 + 11*y + 1. Calculate x(-8).
-23
Let s(y) = y**3 - 6*y**2 + 4*y + 5. Give s(5).
0
Let c(a) = 5*a**2 + 9*a - 15. What is c(3)?
57
Let y(q) = q**3 - 12*q**2 - 13*q + 3. Determine y(13).
3
Let w(n) = 4*n - 21. Determine w(4).
-5
Let y(t) = 2*t + 18. Give y(-8).
2
Let b(u) = u**3 - 4*u**2 + 7*u - 4. Calculate b(4).
24
Let i(z) = z**2 - 11*z + 34. Give i(3).
10
Let u(l) = -88*l**3 - 1. Give u(-1).
87
Let u(a) = -a**3 - 20*a**2 + 68*a - 12. Give u(-23).
11
Let f(p) = p**3 - 7*p**2 + 6*p + 13. Determine f(6).
13
Let q(x) = -3*x. Determine q(-11).
33
Let v(x) = x**3 - 7*x**2 + 4. Give v(5).
-46
Let a(w) = w**3 + 10*w**2 + 9*w + 1. What is a(-9)?
1
Let l(d) = 6*d + 86. What is l(-23)?
-52
Let a(o) = 33*o**2 + 4*o + 3. Calculate a(-1).
32
Let f(b) = b**2 + 1. Give f(-3).
10
Let s(f) = -6*f**3 - f**2 + 11*f - 8. Give s(1).
-4
Let k(h) = 2*h**3 - 4*h**2 - 10*h + 4. What is k(5)?
104
Let a(y) = -y**3 + 4*y**2 + 7*y. What is a(7)?
-98
Let v(d) = -d**3 - 5*d**2 - 14. Determine v(-5).
-14
Let x(c) = -20*c**3 - 2*c**2 - 4*c - 2. What is x(-1)?
20
Let g(q) = q**3 - q - 2. Give g(3).
22
Let s(v) = 5*v**3 + 65*v**2 + 2*v + 15. Give s(-13).
-11
Let t(n) = -n**2 - 9*n + 1. Give t(-10).
-9
Let a(z) = -2*z**2 - 74*z - 5. What is a(-37)?
-5
Let p(f) = f**2 - 12*f + 30. Determine p(9).
3
Let z(l) = -l**2 + 5*l + 1. What is z(5)?
1
Let x(v) = -3*v**2 + 8. Give x(4).
-40
Let b(g) = -g**3 + 13*g**2 - 15*g + 15. What is b(12)?
-21
Let z(m) = m**2 - 14*m + 13. Calculate z(10).
-27
Let b(g) = g**3 - 14*g**2 + 13*g - 12. Determine b(13).
-12
Let a(t) = -t**3 + 5*t**2 + 6*t - 14. What is a(5)?
16
Let h(x) = x**2 + 6*x - 34. What is h(-10)?
6
Let m(n) = 2*n**2 - 12*n + 1. Give m(7).
15
Let b(u) = 12*u + 79. Give b(-6).
7
Let o(a) = -2*a - 32. What is o(-17)?
2
Let d(i) = i**3 + 2*i**2 - 6*i - 14. What is d(-4)?
-22
Let l(h) = -h**2 - h + 25. What is l(-6)?
-5
Let p(y) = -y**3 - 7*y**2 - 5*y + 11. What is p(-6)?
5
Let a(x) = -x**3 + 12*x**2 - 7*x - 44. Calculate a(11).
0
Let p(b) = -b - 32. Determine p(-30).
-2
Let r(l) = l**3 - 10*l**2 - 26*l + 18. Calculate r(12).
-6
Let x(u) = 3*u**2 - 14*u - 6. Determine x(5).
-1
Let m(n) = -n**2 + 32*n - 66. Give m(30).
-6
Let r(s) = -s**2 + 14*s + 1. Calculate r(6).
49
Let i(q) = -q**3 + 18*q**2 - 17*q. Calculate i(17).
0
Let h(p) = 2*p**3 + 3*p**2 - 2*p - 6. What is h(-2)?
-6
Let g(k) = 2*k**2 + 6*k - 12. Determine g(-4).
-4
Let j(m) = -m**3 + 6*m**2 - 4*m + 16. Determine j(6).
-8
Let t(f) = -f**3 + 3*f**2 - 12*f + 30. Calculate t(3).
-6
Let k(d) = -2*d**2 + 17*d - 23. Determine k(10).
-53
Let h(y) = 3*y**2 + y + 2. Give h(2).
16
Let i(l) = -l**2 - 22*l + 62. Give i(-21).
83
Let p(d) = -6*d**2 - 16*d - 11. Determine p(-3).
-17
Let p(t) = t**3 - t**2 - 13*t + 1. What is p(-3)?
4
Let u(m) = 2*m**3 + 4*m**2 + 6*m - 2. What is u(-3)?
-38
Let x(u) = -3*u**2 + 12*u - 6. Calculate x(4).
-6
Let u(m) = -2*m**3 - 9*m**2 - 2. Determine u(-5).
23
Let t(n) = -n**2 + 17*n - 6. Calculate t(17).
-6
Let x(h) = h**3 + 14*h**2 - 20*h - 14. Determine x(-15).
61
Let m(h) = -3*h**2 + 3*h. What is m(2)?
-6
